{"id":46,"date":"2024-04-02T14:55:35","date_gmt":"2024-04-02T14:55:35","guid":{"rendered":"https:\/\/docs.vitalistsaglik.com\/?page_id=46"},"modified":"2024-04-02T14:59:48","modified_gmt":"2024-04-02T14:59:48","slug":"transfer-planlayici-icin-crm","status":"publish","type":"page","link":"https:\/\/docs.vitalistsaglik.com\/?page_id=46","title":{"rendered":"Transfer\/Planlay\u0131c\u0131 i\u00e7in CRM"},"content":{"rendered":"\n<figure class=\"wp-block-embed is-type-video is-provider-youtube wp-block-embed-youtube\"><div class=\"wp-block-embed__wrapper\">\n<iframe loading=\"lazy\" title=\"Transfer Planlay\u0131c\u0131\" width=\"500\" height=\"375\" src=\"https:\/\/www.youtube.com\/embed\/-a3YK2owB8k?feature=oembed\" frameborder=\"0\" allow=\"accelerometer; autoplay; clipboard-write; encrypted-media; gyroscope; picture-in-picture; web-share\" referrerpolicy=\"strict-origin-when-cross-origin\" allowfullscreen><\/iframe>\n<\/div><\/figure>\n\n\n\n<p>Randevu t\u00fcr\u00fc SURGERY\/AMEL\u0130YAT olan hastalara hastane y\u00f6neticisi saat verecek.<br><br>Transfer planlama ekran\u0131nda giri\u015f yapt\u0131ktan sonra ilk \u00f6nce planda olan hastalara i\u015flem saati vermemiz gerekiyor. \u00d6rne\u011fin ameliyatlar 9 da ba\u015flayacak y\u0131kamalarda saat 10 da gibi.<\/p>\n\n\n\n<p>Bunun d\u0131\u015f\u0131nda Planlama ekran\u0131nda Transfer planlayacak ki\u015fi sadece ve sadece y\u0131kama ve pansumanlar\u0131n saatini vermelidir. Ameliyat hastalar\u0131 i\u00e7in ameliyat saatlerini hastane y\u00f6neticisi belirlemektedir.<\/p>\n","protected":false},"excerpt":{"rendered":"<p>Randevu t\u00fcr\u00fc SURGERY\/AMEL\u0130YAT olan hastalara hastane y\u00f6neticisi saat verecek. Transfer planlama ekran\u0131nda giri\u015f yapt\u0131ktan sonra ilk \u00f6nce planda olan hastalara i\u015flem saati vermemiz gerekiyor. \u00d6rne\u011fin ameliyatlar 9 da ba\u015flayacak y\u0131kamalarda saat 10 da gibi. Bunun d\u0131\u015f\u0131nda Planlama ekran\u0131nda Transfer planlayacak ki\u015fi sadece ve sadece y\u0131kama ve pansumanlar\u0131n saatini vermelidir. Ameliyat hastalar\u0131 i\u00e7in ameliyat saatlerini hastane [&hellip;]<\/p>\n","protected":false},"author":1,"featured_media":0,"parent":0,"menu_order":0,"comment_status":"closed","ping_status":"closed","template":"","meta":{"footnotes":""},"class_list":["post-46","page","type-page","status-publish","hentry"],"_links":{"self":[{"href":"https:\/\/docs.vitalistsaglik.com\/index.php?rest_route=\/wp\/v2\/pages\/46","targetHints":{"allow":["GET"]}}],"collection":[{"href":"https:\/\/docs.vitalistsaglik.com\/index.php?rest_route=\/wp\/v2\/pages"}],"about":[{"href":"https:\/\/docs.vitalistsaglik.com\/index.php?rest_route=\/wp\/v2\/types\/page"}],"author":[{"embeddable":true,"href":"https:\/\/docs.vitalistsaglik.com\/index.php?rest_route=\/wp\/v2\/users\/1"}],"replies":[{"embeddable":true,"href":"https:\/\/docs.vitalistsaglik.com\/index.php?rest_route=%2Fwp%2Fv2%2Fcomments&post=46"}],"version-history":[{"count":2,"href":"https:\/\/docs.vitalistsaglik.com\/index.php?rest_route=\/wp\/v2\/pages\/46\/revisions"}],"predecessor-version":[{"id":48,"href":"https:\/\/docs.vitalistsaglik.com\/index.php?rest_route=\/wp\/v2\/pages\/46\/revisions\/48"}],"wp:attachment":[{"href":"https:\/\/docs.vitalistsaglik.com\/index.php?rest_route=%2Fwp%2Fv2%2Fmedia&parent=46"}],"curies":[{"name":"wp","href":"https:\/\/api.w.org\/{rel}","templated":true}]}}